 divided by y.
14
Let c(w) = -w**3 - w**2 - 2. Let t be c(-2). Let d(l) = l - 5 + t*l + 3*l. What is the remainder when d(4) is divided by 10?
9
Suppose 0 = -33*f + 7223 - 2504. Calculate the remainder when f is divided by 45.
8
Let d be 3/(-6) + 15/6. Suppose -11 = -h - d*l, l - 22 = -2*h - 0*l. Calculate the remainder when 262/14 - (-2)/7 is divided by h.
8
Let a(r) = r**3 + 6*r**2 - 1. Let q be a(-6). Let y(u) = -6*u**3 + 2*u**2 + 3*u + 2. What is the remainder when 24 is divided by y(q)?
3
Suppose -2*j + 32 = 14. Suppose 0*n - j*n = -342. Calculate the remainder when 110 is divided by n.
34
Let b(t) = t**3 + 5*t**2 + 9. Let m be b(-5). Let v(z) = -2*z**2 + 22*z - 3. Calculate the remainder when v(m) is divided by 17.
16
Let q = -45 - -54. Suppose q*m - 108 = -0*m. What is the remainder when m is divided by 7?
5
Let j = 163 + -154. Calculate the remainder when 116 is divided by j.
8
Calculate the remainder when 96 is divided by ((-55)/(-15) + -4)*-42.
12
Suppose -5*d + 2*l + 107 = 0, 0*l - 60 = -3*d - 3*l. Suppose 0 = 2*w - 2*n - 2*n - 66, -2*w + 2*n = -74. What is the remainder when w is divided by d?
20
Suppose -2*m + 6 = g, -m + 4*m - 14 = -4*g. Suppose 5 = m*p - 39. What is the remainder when p is divided by -14*3*2/(-7)?
10
What is the remainder when (0 + (-827)/(-2))/(29/58) is divided by 83?
80
Let u(w) = w**2 - 3. Let g be u(3). Suppose -155 = -g*y + y. What is the remainder when y is divided by ((-1776)/72 - -23)/((-5)/24) + 8?
15
Let z(i) = -4*i + 107. What is the remainder when z(24) is divided by 5?
1
Let f(r) = 8*r**2 - 4*r + 1. Calculate the remainder when f(4) is divided by -6 + (35 - 4) - 2.
21
Suppose -5*d + 25 = -0*d. Calculate the remainder when d is divided by 2.
1
Let z = -22 + 25. What is the remainder when 141 is divided by z?
0
Let j(q) = -q**3 + 14*q**2 - 11*q - 19. What is the remainder when 20 is divided by j(13)?
6
Let y = 1 - -7. Suppose 0 = -z + 8 + y. Suppose -i - 3*j - j + 35 = 0, -4*i - j = -125. Calculate the remainder when i is divided by z.
15
Let o be ((-4)/3)/(4/138). Suppose -3*p - 6 = 0, -4*p = 2*x + 3*x + 48. What is the remainder when ((-4)/x)/((-1)/o) is divided by 8?
7
Suppose -45 = -6*f + f. Let x = 84 - 143. Let b = 92 + x. Calculate the remainder when b is divided by f.
6
Suppose -5*d + 3172 - 2577 = 0. What is the remainder when d is divided by 40?
39
Suppose -2*d + 3*a = -49, -4*a + a = 9. Let y(h) be the second derivative of -13*h**3/6 - 13*h**2 + 7*h. Calculate the remainder when y(-8) is divided by d.
18
Let a(f) = 6*f**2 - 45*f - 3. Suppose -4*t + 12 = 2*v, t + 0*t = -2*v - 3. Calculate the remainder when a(8) is divided by t.
1
Suppose m - 12 = -4*x, 3*m = -0*x + 2*x + 36. What is the remainder when 28 is divided by m?
4
Let u = 179 + -169. What is the remainder when (-47)/(-1) - (-2)/2 is divided by u?
8
Suppose 4*v - 3*y = 24, 0*v + 2*y = 5*v - 30. Calculate the remainder when 32 is divided by v.
2
Let w be (3 - (3 + -7)) + 1. Let b = 21 - w. Calculate the remainder when 25 is divided by b.
12
Suppose -5*o + o - 364 = -2*w, 5*w = 2*o + 198. Let v = 133 + o. What is the remainder when 171 is divided by v?
39
Let a = -680 - -701. Calculate the remainder when 82 is divided by a.
19
Let j(s) = -s**3 - 16*s**2 + 18*s + 21. What is the remainder when 60 is divided by j(-17)?
0
Suppose 5*x = -0 - 10. Let z = x + 19. What is the remainder when z is divided by 6?
5
Suppose 4*v + 4*v = -416. Let i = 57 + v. What is the remainder when 12 is divided by i?
2
Suppose 9*r - 9 = 6*r. Suppose 2*z = -10, 2*h - 4*z = -r*h + 160. Let n(u) = -u**3 - 3*u**2 + 10*u + 7. Calculate the remainder when n(-6) is divided by h.
27
Calculate the remainder when 403 is divided by 34 + (0 - (1 + (4 - 5))).
29
Suppose 83*a + 255 = 98*a. What is the remainder when 67 is divided by a?
16
Let c(n) = n**2 + n - 2. Suppose 0 = z - 4, -9*z = -h - 6*z - 8. Let g(j) = j**3 - j**2 + 3. Calculate the remainder when g(4) is divided by c(h).
15
Let z(v) = -v**3 - 4*v**2 + 5*v - 11. Let j(h) = 1. Let r(s) = -4*j(s) - z(s). What is the remainder when 1*(3 + -2) - -18 is divided by r(-5)?
5
Let z = -133 - -158. What is the remainder when 68 is divided by z?
18
Let d(p) be the third derivative of p**5/60 - 7*p**4/24 - p**3/2 - 5*p**2. Let o be d(10). Suppose o + 18 = 5*m. What is the remainder when 15 is divided by m?
6
Suppose -p = 20*p - 252. What is the remainder when 406 is divided by p?
10
Suppose 2*l - 30 = -2*r, 0 = 4*l + 2*r - 48 - 6. Calculate the remainder when 59 is divided by l.
11
Let w(z) = -z - 1. Let r(y) = -y**2 + y - 18. Let g(l) = -r(l) - w(l). What is the remainder when g(0) is divided by 4?
3
Let t(b) = 3*b + 117. What is the remainder when t(-11) is divided by 2?
0
Suppose 2*l - 30 = -0*l. What is the remainder when 88 is divided by l?
13
Suppose 4*w - 16 = g - 37, -4*g - 4*w = -144. What is the remainder when 259 is divided by g?
28
Let w be -3 - (-1 + -4 + 5). Calculate the remainder when 33 is divided by 6/45*w*-45.
15
Let u(a) = 21*a - 66. Calculate the remainder when 70 is divided by u(4).
16
What is the remainder when 66 is divided by (20/(-30))/(4/66*-1)?
0
Suppose 0*n = -2*n + 30. Let t = n - 19. Calculate the remainder when 13 is divided by (1/(-2))/(t/64).
5
Suppose 0 = -7*y - 76 + 258. Suppose -y*w = -18*w - 184. What is the remainder when 38 is divided by w?
15
Let q(t) = 13*t**3 + 6*t**2 - 12*t - 8. What is the remainder when q(3) is divided by 171?
19
Suppose 48 = 7*h - 36. Let u be 0 + -3 + 3 + 2. Let s = 5 + u. Calculate the remainder when h is divided by s.
5
Suppose -6 = -3*x + 2*x. Suppose 0 = 3*i + x - 24. What is the remainder when i is divided by (0 + -6)/((-12)/8)?
2
Let f be (-6)/12*0/2. Let j(l) = 3*l - 7 - l + f*l. Calculate the remainder when 51 is divided by j(10).
12
Suppose -5*m + 40 + 40 = 0. Let s = 41 - 39. Calculate the remainder when (-5)/35*s + (-436)/(-7) is divided by m.
14
Let k = 2098 + -2061. What is the remainder when k is divided by 2?
1
Suppose -67 = -10*o + 93. Calculate the remainder when 318 is divided by o.
14
Let y(a) = 3*a**2 - 10*a + 8. Let n be y(6). Suppose -2*k - 2*m = -k - 52, -k - 4*m = -n. Suppose 5*d - 138 = -k. What is the remainder when d is divided by 7?
4
Let d = -1180 + 1187. Calculate the remainder when 23 is divided by d.
2
Suppose 20*l - 13*l - 3318 = 0. Calculate the remainder when l is divided by 19.
18
Let i(v) be the third derivative of -3*v**4/4 - 3*v**3/2 + 14*v**2. Calculate the remainder when i(-3) is divided by 23.
22
Suppose -2*g = -12 - 18. Let z(c) = 4*c - c**2 + 1 + 5*c - 28*c**3 - 8*c. Calculate the remainder when z(-1) is divided by g.
12
Suppose -88 = -3*w - w. Let k = -16 + w. Suppose 87 - 70 = b. What is the remainder when b is divided by k?
5
What is the remainder when (11/((-1)/176*-4))/2 is divided by 60?
2
Let l(i) = -i**3 + 12*i**2 - 3*i - 4. Let f be l(12). Let w = 85 + f. What is the remainder when w is divided by 24?
21
Let i(d) = 4*d - 22. Let v be i(6). Suppose -11 - 3 = -2*z. What is the remainder when z is divided by (-1)/(-2)*v - -4?
2
Let b(f) = -f**2 - 16*f. Let k be b(-16). Suppose k = -m + 5*t + 96, 4*m - 2*m - 178 = 3*t. What is the remainder when m is divided by 11?
9
Suppose -3*r - 4*p + 352 + 476 = 0, -3*r + 825 = 5*p. Calculate the remainder when r is divided by 18.
10
Suppose 378 = f - 0*f. Suppose 9*l - f = 7*l. Suppose -5*m - 49 = -l. Calculate the remainder when m is divided by 15.
13
Suppose 10*m - 13*m - z + 139 = 0, -2*m + 78 = -3*z. Calculate the remainder when m is divided by 41.
4
Suppose -9*h + 1040 + 76 = 0. Calculate the remainder when h is divided by 36.
16
Let w(n) = n + 3. Let b be w(0). Suppose l - 32 = -b*l. Suppose -3*i = -i - l. Calculate the remainder when 6 is divided by i.
2
Suppose -5*i = -5*o + 1105, -4*o + o + i + 663 = 0. What is the remainder when o is divided by 16?
13
Suppose -4*r - 3*r = -126. Suppose -q + 3*v - r = 0, -5*q - 3*v = -0*v + 90. Let s = q - -36. Calculate the remainder when s is divided by 7.
4
Let k = 1239 - 1026. Calculate the remainder when k is divided by 43.
41
Let k(s) = -s**3 - 16*s**2 - 43*s - 39. Let y = 14 - 7. What is the remainder when k(-13) is divided by y?
6
Suppose 76 = 5*x - 229. What is the remainder when x is divided by 25?
11
Let u(k) = -4*k